 8).
-20
-13 - (8 - (-6 + 5))
-22
What is -3 - -4 - (4 + 3) - -8?
2
Calculate (-51 + 14 + 26 - (-11 - -1)) + 0.
-1
(12 - 6) + 1 + -3 + 54 + -53
5
Evaluate (40 + -39 - (2 + -15)) + 3.
17
Calculate -13 + (0 - 0 - (-11 + 1 - -5)).
-8
Evaluate -7 + (0 + 11 - (49 - 43)) - 5.
-7
Calculate -14 - (1 + 0) - (-1 - 1).
-13
17 - (-5 + -18 + 59)
-19
What is -23 - (14 + -31) - 8?
-14
Evaluate 1 + -6 + 2 + 3 + (3 - -12).
15
Evaluate 0 - -10 - (-725 + 733).
2
Evaluate -29 + 42 + -52 + 29.
-10
Evaluate 21 - 2 - (4 + -1 + 6 + -6).
16
What is -3 + 5 + -1 + 2?
3
What is 5 + -8 + 7 + -4 + 17 + -3?
14
What is the value of 6 - -1 - (-5 + 31 + -29)?
10
Calculate -22 - (31 + -52 + -28).
27
8 - (-3 + -20 - -43)
-12
0 + (-5 - -4) + -14 + 1 + 3
-11
Calculate -10 + -4 + 14 + -3 - (1 + 0).
-4
What is -923 - -886 - (-1 + -65)?
29
What is the value of (7 - 17) + 5 - 0 - 2 - -13?
6
What is the value of (-21 - (25 + -31)) + 5?
-10
What is the value of 0 + 2 + -28 + 10 + 30?
14
What is -20 + -5 + (-1 + -2 + -6 - -18)?
-16
What is 3 - (-6 + (-4 - (-17 - 0)))?
-4
(-6 - -1) + 3 + -7 + 19
10
Calculate (10 + -5 + 0 - 0) + -4.
1
(5 - (7 + 0)) + -7 + 9
0
Evaluate 13 + -10 + 5 + 4 + -1 + 1.
12
What is (-7 - -19) + (-2 - -1) + (1 - 2)?
10
What is (-5 + -14 - -2) + 16?
-1
Evaluate (-75 - -99) + 15 + -31.
8
What is -131 + 71 + 65 - ((0 - -1) + -3)?
7
Evaluate 0 + -12 + -10 + 6 + 0 + 8.
-8
What is the value of (2 + -4 - -10) + 12 + -16 - -4?
8
What is (0 - -4) + 18 + -64?
-42
What is 3 + 14 + -15 + -12 + 10?
0
Evaluate 4 + -9 - (-19 - (-21 + 11)).
4
What is the value of 114 - 103 - (-6 + 5 - (2 - 1))?
13
Calculate (-75 - -62) + -2 + 5 + -4 + -4.
-18
3 - (20 - (9 - -2))
-6
Evaluate (-17 - -10 - -8) + 9.
10
Calculate (-5 - (5 + -3 - -5)) + 2.
-10
Evaluate -28 - -33 - (18 + -3).
-10
What is 41 + 3 + -35 - 42?
-33
Calculate -7 + 27 + -17 + (-6 - 1).
-4
Evaluate (-10 - -4) + (12 - (-11 + 5)).
12
40 + -43 + (4 - (0 - -1))
0
Evaluate 0 + (7 - 4) + -6 - 5.
-8
What is (1 - -3) + (-22 - -19) + (-9 - -1)?
-7
Calculate -23 + (16 - (-2 - 5)).
0
Calculate (1 - -5) + -30 + 41 + -2 + -3.
12
What is the value of 8 + (-3 - 21 - -10)?
-6
Evaluate 2 + 6 + -15 - 9 - 4.
-20
What is -6 - (-25 - -11) - -1 - (0 + -1)?
10
(-3 - (0 - 1) - -2) + (-105 - -111)
6
Evaluate (55 + -36 - 13 - (-1 + -2)) + -2.
7
Calculate (-8 - -15) + (2 - (1 + 6)).
2
Evaluate -11 + 7 + -1 + 8.
3
14 + (-9 - (-6 + 3 - (-16 - -14)))
6
What is -7 - (25 + -4 - 11 - 8)?
-9
What is the value of -18 - (8 + -20 - (-30 - -28))?
-8
Evaluate (28 - 4) + (91 - 98).
17
Evaluate 99 + -114 - ((3 - -2) + -2).
-18
(-12 - (17 - 52 - -16)) + 14
21
Calculate ((13 - 13) + -12 - 2) + 6.
-8
What is -10 + 10 - (84 - 103)?
19
Evaluate -6 - (22 - -1 - ((-5 - -5) + 8)).
-21
What is the value of -15 - (3 - 12) - 5 - -4?
-7
Evaluate 0 + (11 - (74 + -30)).
-33
Calculate (1 - ((-13 - -2) + 9)) + (-1 - 15).
-13
What is the value of -13 - (29 + -35 + -38)?
31
(-2 - (0 - (6 + -1))) + (-175 - -170)
-2
What is the value of 48 + -36 + 5 + 19?
36
(-6 - 0) + 70 + -71
-7
What is the value of -427 - -431 - (-2 + 18 - -1)?
-13
What is -10 + (0 - -2) - (-6 + -8)?
6
What is the value of 1 + -1 - (-2 - 2 - (0 + 1))?
5
0 + -19 + 19 + (1 - -2)
3
Calculate 69 + -32 + -37 + (-1 - -30).
29
Calculate (1 + -10 - -14) + 2 + -28.
-21
1 + -2 - -6 - (-425 + 449)
-19
-1 - (0 - 2) - (-8 + 9 + -6)
6
2 + 0 + (-17 + 38 - 19)
4
7 + (22 + -13 - 47) - 0
-31
(-1 + 21 - 13) + 3
10
What is (-2 - (-5 - -45)) + 23?
-19
Calculate -3 - (-13 - -8 - 1 - -17).
-14
What is (102 - 140) + 1 + 3 + 8?
-26
Calculate (22 - 2) + (-364 - -346).
2
What is the value of (-25 - (38 + -34)) + 25?
-4
What is -79 - -74 - (-1 + (-2 - -20 - 4))?
-18
Evaluate -9 + (-9 - -16 - 6 - 8).
-16
What is -7 + -12 + 1 + (6 - 0)?
-12
What is the value of (-171 + 165 - (3 + 1 + -1)) + -4?
-13
What is the value of -18 + -16 + 13 + 11 + 0?
-10
What is the value of 1 - 9 - (0 + -6) - 12?
-14
What is -42 - -37 - (15 + -4)?
-16
What is 7 + (30 + -28 - (7 - -1)) - -4?
5
Calculate -6 - (-13 - (-9 + -12)).
-14
What is (0 - -17) + 0 - (1179 - 1169)?
7
-12 + -4 + 6 + 3 - -15
8
What is the value of 0 + 3 + 1 + 0 - (-159 - -166)?
-3
-10 - 1 - -17 - 10
-4
18 + (26 - (11 - -11))
22
What is 8 + -1 - (-104 + 110)?
1
Calculate 6 - 9 - -10 - (-9 + 1) - -1.
16
What is the value of -6 - (-5 + (-5 - 6) - -10) - -1?
1
What is the value of (4 - (11 + -17)) + (3 - 10)?
3
Evaluate -11 - (1 - 31 - 3).
22
Calculate 11 + 0 - (-30 - (44 - 66)).
19
Evaluate 7 + (-4 - (2 + 3 - 0)) + -7.
-9
What is (3 - 6 - -7) + 0 - 4?
0
What is the value of 1 + -4 - (-161 - -161)?
-3
42 + (12 - 22 - 17)
15
Evaluate (2 + -1 - -14) + (517 - 506) - 2.
24
Evaluate 4 - (41 - 25 - -12).
-24
What is the value of -15 + 7 + 10 + 3?
5
What is 14 - (5 + -2 - -10)?
1
What is 1 + 10 + 6 + (22 - 23)?
16
Calculate -6 + 0 + (-8 + 8 - (0 + -5)).
-1
Evaluate 12 + 0 + -7 + (-3 - 15).
-13
Calculate ((-4 - -17) + -14 - 2) + -9.
-12
What is the value of 27 + (-15 - -2) - (14 - 25)?
25
23 + 3 - (11 + 5)
10
What is -20 + 1 + -5 + -63 + 62?
-25
What is the value of 10 - (-14 + 14 + -12 + 2)?
20
Evaluate -1 + -10 + 2 + -1 + 2 - 4.
-12
Calculate -15 - (-16 + -1 + 17 - 21).
6
What is the value of -4 + (-14 + 4 - -13)?
-1
What is 595 + -629 - (-7 + (-3 - -1) + 3)?
-28
Calculate -6 + (-4 - (-3 - -1)) + -44 + 36.
-16
Evaluate (-9 + 23 - 15) + -5.
-6
What is the value of -2 - -1 - (13 - (2 - -17))?
5
What is the value of (28 - -12) + -21 + -9?
10
What is the value of 6 + -1 - 11 - (5 - (-3 + 2))?
-12
Evaluate (-2 - 6) + (-5 + 4 + 15 - 6).
0
What is the value of (160 - 62 - 106) + 8 + 0 + 0?
0
-5 + 2 - (-5 - (4 - -3))
9
Calculate -9 - (-4 - ((7 - 7) + -7)).
-12
0 - (-5 - (-27 + -1))
-23
What is the value of 1 + -2 + 3 - (-25 - 3 - -19)?
11
What is the value of (-11 - (-3 - -2)) + (57 - 18 - 47)?
-18
-15 + 33 + -14 - -4
8
What is the value of 14 + -11 + (-36 - -35)?
2
Evaluate 14 + -16 + -4 + (-3 - -14).
5
What is (-6 - -6) + 6 + (-5 - 13)?
-12
Calculate -2 + 28 + (0 - 13) + (-9 - -14).
18
Evaluate 9 - ((-2 - (3 - 7)) + 4) - -10.
13
Calculate 9 + (-11 - -2) + (0 - -12 - 1).
11
-5 + 3 + 14 + -3 + -1
8
What is (-1464 - -1475) + -15 + 1 + -1?
-4
-25 + 40 + (2 - 0 - 34)
-17
Calculate 1 + -9 + -5 + (48 - 30).
5
(7 - 9) + (10 - (8 + 0)) - -8
8
Evaluate (-15 - -8) + -11 + (4 - -2).
-12
What is the value of 636 + -653 + (26 - 0 - -3)?
12
What is the value of -4 + 1 + 22 + -9 - (-270 - -308)?
-28
(-5 - -22) + (15 - 33)
-1
4 + (-3 - -5) + 6
12
2 + -5 + 6 - -7 - (-5 - -2)
13
Evaluate 3 - ((-5 - (-8 - -3)) + 21).
-18
(11 - 5) + 1 + 4
11
(124 - 133) + (17 - -3)
11
What is 22 + -41 - (6 + -10)?
-15
-12 - 1 - (-255 - -231)
11
Calculate (-1 - (-20 + 3 + 1) - 4) + -5.
6
Evaluate 1 + (-5 - 1 - (-15 + 10 + 4)).
-4
What is 49 + -49 + -33 + 57?
24
Evaluate 4 + (2 + (2 - 1) - 10) + -7.
-10
(9 - (6 + (-3 - -7))) + 1 + -7
-7
What is the value of (-88 - -24) + 66 + (-1 + 2 - 7)?
-4
-19 - (16 - (25 - 9))
-19
What is the value of 26 + -27 - (3 + 13) - (-11 - -2)?
-8
-7 - (18 + (-1 + 6 - 13))
-17
What is the value of (1 + 0 - 12) + (-16 - 29) + 48?
-8
What is -2 + 9 - (-7 - -13) - 6?
-5
What is the value of 2 - (-6 + 12) - (40 + -30)?
-14
Evaluate 38 + -35 + -1 + (-4 - -2).
0
What is the value of (12 - -3) + -3 + -7 + 8 + -16?
-3
What is the value of (52 + -26 - 23) + -1 + 8?
10
230 + -213 + (-1 - -17 - (17 + -13))
29
What is the value of (20 - 21) + -24 - -3?
-22
Calculate 0 + 2 + (232 - 220).
14
Calculate (2 - 4) + 3 + (14 - 20) + 17.
12
Evaluate (63 - 64) + (7 - (-3 + 5 - 5)).
9
Evaluate (6 - (8 + 5) - 2) + (0 - 16).
-25
What is (27 - (-19 - -51)) + -3 + 0 + -1?
-9
Evaluate 14 + -3 + -34 + 6.
-17
Evaluate -17 + 9 + 27 + -6 + -3.
10
Calculate (1 - 3) + 23 + (20 - 12) + -5.
24
((-11 - -8) + 6 - -1) + -3
1
What is (0 - -9) + (-192 - -175) - -35?
27
6 + (-6 - 12) + 5
-7
What is the value of 9 + (-52 - -9) + 29?
-5
Calculate (-34 - -32) + 2 + (0 - 12).
-12
-1 + -13 + (-9 - -5) - (1 + -4)
-15
What is 9 - (-2 + 2 - (-19 - -15))?
5
63 + -61 - (2 - -9)
-9
What is the value of (15 - (-93 + 96 + 9 + 0)) + -39?
-36
Calculate -224 + 244 + -24 + -1.
-5
Evaluate 11 + -9 + (-5 - 3).
-6
What is the value of -10 + (-30 - -30) + (2 - 3 - -8)?
-3
What is -93 + 86 + 20 + -21?
-8
What is 6 + 11 + -14 + 15 + -6?
12
What is the value of -4 + -4 + (15 - (-9 + 15))?
1
